 - 32/(-88)?
9
Let j(q) = -4951*q - 3931. What is the thousands digit of j(-7)?
0
Let t(v) = -1550*v + 11675. What is the units digit of t(-17)?
5
Let c(v) = -2*v**3 - 73*v**2 - 62*v + 92. What is the units digit of c(-40)?
2
Let z(g) = 153*g**3 - 5*g**2 + 104*g - 457. What is the units digit of z(5)?
3
Let x be (-5)/(10/(-41))*478. Suppose -x = -8*l - 3471. What is the tens digit of l?
9
Let f be 6/10 - 12/20. Suppose f*m - 3*m = 6. What is the units digit of (648/2)/3 + m?
6
Suppose 2*h - 4*i - 35 = 3*h, -3*i = -2*h - 70. Let z = -3204 - -3285. Let k = h + z. What is the tens digit of k?
4
Let q = 17734 - -1312. What is the hundreds digit of q?
0
Suppose 4*o = -12*o + 48. Suppose 0 = -5*q + o*b + 3456, 5*q - 27 = 4*b + 3431. What is the units digit of q?
0
Let y = 2074 - 219. What is the tens digit of y?
5
Let q = 176 - 212. What is the tens digit of (2/9 - 0) + (-7624)/q?
1
Suppose m + 644*z - 646*z = 65223, -3*z = -2*m + 130452. What is the tens digit of m?
3
Let t(c) = -c**2 - 24*c - 34. Let p be (-3*(-2 - -3))/((-6)/4). Suppose p*x + 12 = -28. What is the units digit of t(x)?
6
Let w(p) = -1518*p + 4113. What is the hundreds digit of w(-17)?
9
What is the thousands digit of 2666 + 1 + (240 - 242)?
2
Let q(o) = -o**3 - 52*o**2 - 55*o - 117. Let y be q(-51). Let f = 82 + -11. Let r = y - f. What is the units digit of r?
6
Let a(k) = -k**3 + 9*k**2 - 3*k - 2. Let q be (-3 - -9)/(20/12 + -1). Let h be a(q). Let t = h - -133. What is the hundreds digit of t?
1
Suppose -2*g - 4*t = -0*g - 2, 5*g = -4*t - 13. Let o be -1*(4/10 + 2/g). What is the units digit of (o - 2)/((-30)/2685)?
9
Let w be 36/(-8)*(-4)/9. Suppose 4*u = a - 0*u, u = 1. Suppose w*x - 358 = -a*b, -3*b + 2*x = -0*b - 258. What is the tens digit of b?
8
Suppose -885*n + 7940316 = -769*n. What is the ten thousands digit of n?
6
Suppose 5*n = -3*b - 0*n - 86, b - 5*n = -62. Let x = 72 + b. What is the units digit of x?
5
Let z = 80459 + -55023. What is the hundreds digit of z?
4
Let u(i) = -57*i + 22 + 4 - 4*i - 12. What is the hundreds digit of u(-15)?
9
Let n(q) = -q**3 - 17*q**2 + 18*q + 2. Suppose 3 = -p + 5*a - 25, -2*a = -4*p - 76. Let m be n(p). Suppose -2*l + 440 = m*l. What is the units digit of l?
0
Let o(c) = c**2 - 9*c + 4. Let u be o(9). Let w be (-3 + u + 1)/1. Suppose w*t + 44 - 218 = -4*d, 5*t + 2*d - 427 = 0. What is the tens digit of t?
8
Let v = -26 + 29. Suppose -2*y - 3*q = -v*y + 195, -y = q - 179. What is the units digit of y?
3
Suppose -5*n - 4 = -7*n. Let s be ((n/6)/((-14)/126))/(-1). Suppose -p + 0*p - 5*h + 41 = 0, h = s*p - 155. What is the tens digit of p?
5
Let n = 5524 - -15806. What is the thousands digit of n?
1
Let t = -21 - -38. Suppose -t*l - 8 = -19*l. Suppose -316 = -2*b - m, -4*b = -l*m - 0*m - 644. What is the tens digit of b?
5
Let w(a) = -134*a**3 - 10*a**2 - 55*a - 139. What is the thousands digit of w(-5)?
6
Let d = -28 - -28. Suppose d = 7*p - 0*p. Suppose 2*u + 2*u - 392 = p. What is the tens digit of u?
9
Suppose -6*r + 11*r = 0. Suppose 25 = -6*q + q, 2*y + 3*q - 19 = r. Suppose 0 = 3*n + y - 68. What is the tens digit of n?
1
Let m be 962/37 + (-3 - 3). Let q = -104 + 282. Let v = m + q. What is the tens digit of v?
9
Let u(y) = -3*y**2 - 27*y + 5. Let i(p) = -p**2 - p - 3. Let f(t) = -2*i(t) + u(t). What is the tens digit of f(-5)?
1
Suppose -5*t + 4*y = -415324, -47*t - 5*y - 166133 = -49*t. What is the units digit of t?
4
Suppose -165*i + 149*i + 73036 = -7860. What is the thousands digit of i?
5
Suppose 35 - 3 = 4*r. Let m(h) = -h**3 + 8*h**2 - 4. Let i be m(r). What is the units digit of i/8*2*-53?
3
What is the units digit of ((-15616)/12)/((-2)/6)?
4
Let h(x) = -2*x**2 + x + 138. Let f = -104 + 106. Let z be 0/(f + (-12)/4). What is the hundreds digit of h(z)?
1
Suppose 0 = 3*x + 4*j - 13, 10*j + 6 = 7*j. Suppose -4 = -8*f + x*f. Suppose 2*b = -4*v + 39 + 139, -f*v = -b - 193. What is the tens digit of v?
4
Let q(i) = 1863*i**2 + 21*i + 8. What is the units digit of q(-3)?
2
Suppose 4*c = -4, -313*w + 317*w - 3*c = 107003. What is the tens digit of w?
5
Let j = 9972 - 5648. What is the units digit of j?
4
Let n = 78 - 47. Suppose v - 769 = -4*t + n, -8 = -2*t. What is the tens digit of v?
8
Suppose 2*n + 11 = -2*a - 3, -5*n - 3*a - 41 = 0. Let b(g) = 2*g**3 + 25*g**2 + 2*g - 1. What is the tens digit of b(n)?
7
Suppose -n + 3*x = -23, 2*n - 6 = -6*x + 4*x. Suppose 0 = -n*b + 6*b + 796. What is the tens digit of b?
9
Let n(t) = t**2 + 12*t + 4. Let j(k) = -k**2 + 4*k + 7. Let c be j(7). Let v be n(c). Suppose -p + 41 = -v. What is the tens digit of p?
7
Suppose -5*w = -2*h + 2311, 57*w - h = 55*w - 924. Let k = -161 - w. What is the hundreds digit of k?
3
Let k(q) = -221*q - 211. Let w be k(-13). Suppose 11*h - 15*h - 2*j = -5332, -2*h + w = -j. What is the units digit of h?
2
Let n(k) = -k + 6. Let p be n(1). Suppose -4*q - w = -2338, -12*q - p*w - 2326 = -16*q. What is the units digit of q?
4
Let h(b) be the second derivative of 25*b**4/12 + b**3 - 7*b**2/2 - 59*b. What is the hundreds digit of h(-4)?
3
Let w(v) = -9*v + 50. Let j be w(6). What is the tens digit of (114/j)/((-3)/52)?
9
Let i be (-1 + -11)/(-5 - -3). Let h be ((-5)/(-2) + -3)*-24. Let d = i + h. What is the units digit of d?
8
Suppose s + 5*u = 1 - 12, -2*u = s - 4. Suppose 2*q = n - s, -4*n - 3*q = -5*q - 26. Suppose -3*a = -2*k + 77, a = 3*k - n*a - 118. What is the tens digit of k?
3
Suppose -5*w - 2*y - 3212 = 0, -54*w + 51*w - 1928 = 2*y. Let r be 1/((-1)/16) + 1. What is the units digit of w/r - (-1)/5?
3
Let c = 14446 + -8506. What is the units digit of c?
0
Let p(h) = -2*h**3 + 12*h**2 - 12*h - 9. Let m be p(7). Let j = 457 + m. What is the units digit of j?
6
Let s = -39 + 24. Let j be (10/(-25)*s)/(2/101). Suppose 3*v + i - j = 0, 5*v = i + 3*i + 522. What is the hundreds digit of v?
1
Let y(f) = f**3 + 2*f**2 - 25*f + 8. Suppose 36*d - 2*w = 38*d - 12, -4*d - 5*w + 24 = 0. What is the units digit of y(d)?
6
Let h = 22482 + -13696. What is the tens digit of h?
8
Let y(k) = 18*k**3 - 14*k**2 - 50*k + 55. What is the ten thousands digit of y(10)?
1
Suppose 118*w - 76*w + 56*w = 862106. What is the units digit of w?
7
Let t(c) = -4*c**2 + c - 9. Let w be t(4). Let n = w - -100. Suppose n = 2*y - 23. What is the units digit of y?
7
Let f be (2*(-22)/20)/(6/(-90)). Suppose -f*c = -31*c - 2272. What is the thousands digit of c?
1
What is the hundreds digit of (718/8)/((-30)/(-2076 + 36))?
1
Suppose 2*h + 3 + 5 = 0. Let l be (0 + -1)*(-1 + (-16)/h). What is the tens digit of ((108/(-5))/l)/((-3)/(-10))?
2
Let v = 48 + 167. Let h = v - 46. What is the units digit of h?
9
Suppose 3*g - 16 = 2*c, -c = -g + 2*c + 10. Suppose -g*t + 4 = -3*t. Suppose 8*h = t*h + 148. What is the tens digit of h?
3
Let x = 15 - -3. Let w(r) be the first derivative of r**4/4 - 16*r**3/3 - 23*r**2/2 + 35*r + 208. What is the tens digit of w(x)?
6
Let s(a) = 26*a - 7. Let w be 398/(-4) + 14/28. Let m be w/(-12) + -2 + (-2)/8. What is the units digit of s(m)?
9
Suppose t + 5*d - 23 = 2, -3*t - 2*d + 23 = 0. Let j(w) be the first derivative of w**4/4 - w**2 + 8*w - 2. What is the hundreds digit of j(t)?
1
Let v(h) = 1568*h - 2068. What is the units digit of v(17)?
8
Let i(z) = -z**2 + 13*z - 14. Suppose 60 = -3*o + 13*o. Let x be i(o). Suppose -11 = -3*a + x. What is the tens digit of a?
1
Suppose 55 + 196 = 2*o - x, -484 = -4*o - 4*x. Suppose -t + 47 = o. Let w = -46 - t. What is the units digit of w?
1
Let w = 13 + 4. Let a be 1/7 - 318/21. Let d = a + w. What is the units digit of d?
2
What is the hundreds digit of 4293590/664 + ((-2)/(-8))/(-1)?
4
Suppose 27*i = -i + 1041684. What is the tens digit of i?
0
What is the thousands digit of (((-33520)/24)/(-10))/(1 + 385/(-390))?
0
Let v(g) = 2*g**3 - 226*g**2 + 448*g + 595. What is the tens digit of v(112)?
8
Let j be 4/34 - 84/714. Suppose j = 12*m - 9*m - 5*a - 211, 3*a = m - 73. What is the units digit of m?
7
Suppose 0 = -2*p - f + 4, 0 = 3*f + f. Suppose -3*o + 558 = p*i, 2*i - i = 0. What is the units digit of o?
6
Let o be ((-873)/45)/(2/(-10)). Let w = o - -60. What is the hundreds digit of w?
1
Suppose 5*b = 17*b - 168. What is the tens digit of 720/b - -8*1/14?
5
What is the units digit of (17 - (51 + -37))/((-6)/(-1